{"id":647,"date":"2017-03-29T06:37:55","date_gmt":"2017-03-29T04:37:55","guid":{"rendered":"http:\/\/dg3of.de\/?page_id=647"},"modified":"2017-10-13T08:30:06","modified_gmt":"2017-10-13T06:30:06","slug":"10100-bf-binnen-buehren","status":"publish","type":"page","link":"http:\/\/dg3of.de\/?page_id=647","title":{"rendered":"10,100 &#8211; Bf Binnen-B\u00fchren"},"content":{"rendered":"<p><img loading=\"lazy\" decoding=\"async\" class=\"alignright size-full wp-image-3333\" src=\"http:\/\/dg3of.de\/wp-content\/uploads\/2017\/03\/Binnen.png\" alt=\"\" width=\"985\" height=\"726\" srcset=\"http:\/\/dg3of.de\/wp-content\/uploads\/2017\/03\/Binnen.png 985w, http:\/\/dg3of.de\/wp-content\/uploads\/2017\/03\/Binnen-300x221.png 300w, http:\/\/dg3of.de\/wp-content\/uploads\/2017\/03\/Binnen-768x566.png 768w\" sizes=\"auto, (max-width: 985px) 100vw, 985px\" \/><\/p>\n<p>Kartenauszug\u00a0<a href=\"http:\/\/www.openrailwaymap.org\/mobile.php?searchquery=&amp;lang=de\" target=\"_blank\" rel=\"noopener\">OpenRailwayMap<\/a>\u00a0&#8211;\u00a0\u00dcbersicht <a href=\"http:\/\/dg3of.de\/?page_id=375\">Strecke 1743<\/a><\/p>\n<p><a href=\"http:\/\/dg3of.de\/wp-content\/uploads\/2017\/03\/01-Binnen.jpg\"><img loading=\"lazy\" decoding=\"async\" class=\"alignleft size-full wp-image-1208\" src=\"http:\/\/dg3of.de\/wp-content\/uploads\/2017\/03\/01-Binnen.jpg\" alt=\"\" width=\"1004\" height=\"715\" srcset=\"http:\/\/dg3of.de\/wp-content\/uploads\/2017\/03\/01-Binnen.jpg 1004w, http:\/\/dg3of.de\/wp-content\/uploads\/2017\/03\/01-Binnen-300x214.jpg 300w, http:\/\/dg3of.de\/wp-content\/uploads\/2017\/03\/01-Binnen-768x547.jpg 768w\" sizes=\"auto, (max-width: 1004px) 100vw, 1004px\" \/><\/a><\/p>\n<p>Kartenauszug TK 1:25000 (Reichsamt f\u00fcr Landesvermessung 1945)<\/p>\n<p><a href=\"http:\/\/dg3of.de\/wp-content\/uploads\/2017\/03\/Binnen-B\u00fchren-Bf-Lageplan-Bahn.jpg\"><img loading=\"lazy\" decoding=\"async\" class=\"alignleft size-full wp-image-943\" src=\"http:\/\/dg3of.de\/wp-content\/uploads\/2017\/03\/Binnen-B\u00fchren-Bf-Lageplan-Bahn.jpg\" alt=\"\" width=\"1280\" height=\"646\" srcset=\"http:\/\/dg3of.de\/wp-content\/uploads\/2017\/03\/Binnen-B\u00fchren-Bf-Lageplan-Bahn.jpg 1280w, http:\/\/dg3of.de\/wp-content\/uploads\/2017\/03\/Binnen-B\u00fchren-Bf-Lageplan-Bahn-300x151.jpg 300w, http:\/\/dg3of.de\/wp-content\/uploads\/2017\/03\/Binnen-B\u00fchren-Bf-Lageplan-Bahn-768x388.jpg 768w, http:\/\/dg3of.de\/wp-content\/uploads\/2017\/03\/Binnen-B\u00fchren-Bf-Lageplan-Bahn-1024x517.jpg 1024w\" sizes=\"auto, (max-width: 1280px) 100vw, 1280px\" \/><\/a><\/p>\n<p>Lageplan, Zustand 1954<\/p>\n<table>\n<tbody>\n<tr>\n<td><a href=\"http:\/\/dg3of.de\/wp-content\/uploads\/2017\/03\/09985-B\u00dc-Binnen-B\u00fchren.jpg\"><img loading=\"lazy\" decoding=\"async\" src=\"http:\/\/dg3of.de\/wp-content\/uploads\/2017\/03\/09985-B\u00dc-Binnen-B\u00fchren-1024x576.jpg\" alt=\"\" width=\"640\" height=\"360\" class=\"alignleft size-large wp-image-5410\" srcset=\"http:\/\/dg3of.de\/wp-content\/uploads\/2017\/03\/09985-B\u00dc-Binnen-B\u00fchren-1024x576.jpg 1024w, http:\/\/dg3of.de\/wp-content\/uploads\/2017\/03\/09985-B\u00dc-Binnen-B\u00fchren-300x169.jpg 300w, http:\/\/dg3of.de\/wp-content\/uploads\/2017\/03\/09985-B\u00dc-Binnen-B\u00fchren-768x432.jpg 768w, http:\/\/dg3of.de\/wp-content\/uploads\/2017\/03\/09985-B\u00dc-Binnen-B\u00fchren.jpg 1280w\" sizes=\"auto, (max-width: 640px) 100vw, 640px\" \/><\/a><\/td>\n<td><a href=\"http:\/\/dg3of.de\/wp-content\/uploads\/2017\/03\/Bueren-Bahnhof.jpg\"><img loading=\"lazy\" decoding=\"async\" src=\"http:\/\/dg3of.de\/wp-content\/uploads\/2017\/03\/Bueren-Bahnhof-1024x576.jpg\" alt=\"\" width=\"640\" height=\"360\" class=\"alignleft size-large wp-image-5414\" srcset=\"http:\/\/dg3of.de\/wp-content\/uploads\/2017\/03\/Bueren-Bahnhof-1024x576.jpg 1024w, http:\/\/dg3of.de\/wp-content\/uploads\/2017\/03\/Bueren-Bahnhof-300x169.jpg 300w, http:\/\/dg3of.de\/wp-content\/uploads\/2017\/03\/Bueren-Bahnhof-768x432.jpg 768w, http:\/\/dg3of.de\/wp-content\/uploads\/2017\/03\/Bueren-Bahnhof.jpg 1280w\" sizes=\"auto, (max-width: 640px) 100vw, 640px\" \/><\/a><\/td>\n<\/tr>\n<\/tbody>\n<\/table>\n<p>09,985 &#8211; B\u00dc Dorfstra\u00dfe<\/p>\n<p><a href=\"http:\/\/dg3of.de\/wp-content\/uploads\/2017\/03\/100-Binnen-B\u00fchren-1920.jpg\"><img loading=\"lazy\" decoding=\"async\" src=\"http:\/\/dg3of.de\/wp-content\/uploads\/2017\/03\/100-Binnen-B\u00fchren-1920-1024x729.jpg\" alt=\"\" width=\"640\" height=\"456\" class=\"alignleft size-large wp-image-5415\" srcset=\"http:\/\/dg3of.de\/wp-content\/uploads\/2017\/03\/100-Binnen-B\u00fchren-1920-1024x729.jpg 1024w, http:\/\/dg3of.de\/wp-content\/uploads\/2017\/03\/100-Binnen-B\u00fchren-1920-300x214.jpg 300w, http:\/\/dg3of.de\/wp-content\/uploads\/2017\/03\/100-Binnen-B\u00fchren-1920-768x547.jpg 768w, http:\/\/dg3of.de\/wp-content\/uploads\/2017\/03\/100-Binnen-B\u00fchren-1920.jpg 1762w\" sizes=\"auto, (max-width: 640px) 100vw, 640px\" \/><\/a><br \/>\n10,100 &#8211; ehem. Bf Binnen-B\u00fchren um 1920<br \/>\n<a href=\"http:\/\/dg3of.de\/wp-content\/uploads\/2017\/03\/10101-ex-Binnen-B\u00fchren-1-1.jpg\"><img loading=\"lazy\" decoding=\"async\" class=\"alignleft size-large wp-image-5352\" src=\"http:\/\/dg3of.de\/wp-content\/uploads\/2017\/03\/10101-ex-Binnen-B\u00fchren-1-1-1024x576.jpg\" alt=\"\" width=\"640\" height=\"360\" srcset=\"http:\/\/dg3of.de\/wp-content\/uploads\/2017\/03\/10101-ex-Binnen-B\u00fchren-1-1-1024x576.jpg 1024w, http:\/\/dg3of.de\/wp-content\/uploads\/2017\/03\/10101-ex-Binnen-B\u00fchren-1-1-300x169.jpg 300w, http:\/\/dg3of.de\/wp-content\/uploads\/2017\/03\/10101-ex-Binnen-B\u00fchren-1-1-768x432.jpg 768w, http:\/\/dg3of.de\/wp-content\/uploads\/2017\/03\/10101-ex-Binnen-B\u00fchren-1-1.jpg 1280w\" sizes=\"auto, (max-width: 640px) 100vw, 640px\" \/><\/a><\/p>\n<p>10,100 &#8211; ehem. Bf Binnen-B\u00fchren &#8211; Bahnhofszufahrt<\/p>\n<p><a href=\"http:\/\/dg3of.de\/wp-content\/uploads\/2017\/03\/10102-ex-Binnen-B\u00fchren-1.jpg\"><img loading=\"lazy\" decoding=\"async\" class=\"alignleft size-large wp-image-5353\" src=\"http:\/\/dg3of.de\/wp-content\/uploads\/2017\/03\/10102-ex-Binnen-B\u00fchren-1-1024x574.jpg\" alt=\"\" width=\"640\" height=\"359\" srcset=\"http:\/\/dg3of.de\/wp-content\/uploads\/2017\/03\/10102-ex-Binnen-B\u00fchren-1-1024x574.jpg 1024w, http:\/\/dg3of.de\/wp-content\/uploads\/2017\/03\/10102-ex-Binnen-B\u00fchren-1-300x168.jpg 300w, http:\/\/dg3of.de\/wp-content\/uploads\/2017\/03\/10102-ex-Binnen-B\u00fchren-1-768x431.jpg 768w, http:\/\/dg3of.de\/wp-content\/uploads\/2017\/03\/10102-ex-Binnen-B\u00fchren-1.jpg 1280w\" sizes=\"auto, (max-width: 640px) 100vw, 640px\" \/><\/a><\/p>\n<p>&nbsp;<\/p>\n<p>10,100 &#8211; ex Bf Binnen-B\u00fchren,<\/p>\n<table>\n<tbody>\n<tr>\n<td><a href=\"http:\/\/dg3of.de\/wp-content\/uploads\/2017\/03\/10500-EBR-W-O-1.jpg\"><img loading=\"lazy\" decoding=\"async\" class=\"alignleft size-large wp-image-5348\" src=\"http:\/\/dg3of.de\/wp-content\/uploads\/2017\/03\/10500-EBR-W-O-1-1024x576.jpg\" alt=\"\" width=\"640\" height=\"360\" srcset=\"http:\/\/dg3of.de\/wp-content\/uploads\/2017\/03\/10500-EBR-W-O-1-1024x576.jpg 1024w, http:\/\/dg3of.de\/wp-content\/uploads\/2017\/03\/10500-EBR-W-O-1-300x169.jpg 300w, http:\/\/dg3of.de\/wp-content\/uploads\/2017\/03\/10500-EBR-W-O-1-768x432.jpg 768w, http:\/\/dg3of.de\/wp-content\/uploads\/2017\/03\/10500-EBR-W-O-1.jpg 1280w\" sizes=\"auto, (max-width: 640px) 100vw, 640px\" \/><\/a><\/td>\n<td><a href=\"http:\/\/dg3of.de\/wp-content\/uploads\/2017\/03\/10540-EBR-O-W-1.jpg\"><img loading=\"lazy\" decoding=\"async\" class=\"alignleft size-large wp-image-5349\" src=\"http:\/\/dg3of.de\/wp-content\/uploads\/2017\/03\/10540-EBR-O-W-1-1024x576.jpg\" alt=\"\" width=\"640\" height=\"360\" srcset=\"http:\/\/dg3of.de\/wp-content\/uploads\/2017\/03\/10540-EBR-O-W-1-1024x576.jpg 1024w, http:\/\/dg3of.de\/wp-content\/uploads\/2017\/03\/10540-EBR-O-W-1-300x169.jpg 300w, http:\/\/dg3of.de\/wp-content\/uploads\/2017\/03\/10540-EBR-O-W-1-768x432.jpg 768w, http:\/\/dg3of.de\/wp-content\/uploads\/2017\/03\/10540-EBR-O-W-1.jpg 1280w\" sizes=\"auto, (max-width: 640px) 100vw, 640px\" \/><\/a><\/td>\n<\/tr>\n<\/tbody>\n<\/table>\n<p>10,500 &#8211; EBR Feldweg<\/p>\n<table>\n<tbody>\n<tr>\n<td><a href=\"http:\/\/dg3of.de\/wp-content\/uploads\/2017\/03\/100-Gleis-Richtung-Lemke-1.jpg\"><img loading=\"lazy\" decoding=\"async\" class=\"alignleft size-large wp-image-5358\" src=\"http:\/\/dg3of.de\/wp-content\/uploads\/2017\/03\/100-Gleis-Richtung-Lemke-1-1024x576.jpg\" alt=\"\" width=\"640\" height=\"360\" srcset=\"http:\/\/dg3of.de\/wp-content\/uploads\/2017\/03\/100-Gleis-Richtung-Lemke-1-1024x576.jpg 1024w, http:\/\/dg3of.de\/wp-content\/uploads\/2017\/03\/100-Gleis-Richtung-Lemke-1-300x169.jpg 300w, http:\/\/dg3of.de\/wp-content\/uploads\/2017\/03\/100-Gleis-Richtung-Lemke-1-768x432.jpg 768w, http:\/\/dg3of.de\/wp-content\/uploads\/2017\/03\/100-Gleis-Richtung-Lemke-1.jpg 1280w\" sizes=\"auto, (max-width: 640px) 100vw, 640px\" \/><\/a><\/td>\n<td><a href=\"http:\/\/dg3of.de\/wp-content\/uploads\/2017\/03\/11290-EBR-Binnen-O-W-1.jpg\"><img loading=\"lazy\" decoding=\"async\" class=\"alignleft size-large wp-image-5359\" src=\"http:\/\/dg3of.de\/wp-content\/uploads\/2017\/03\/11290-EBR-Binnen-O-W-1-1024x576.jpg\" alt=\"\" width=\"640\" height=\"360\" srcset=\"http:\/\/dg3of.de\/wp-content\/uploads\/2017\/03\/11290-EBR-Binnen-O-W-1-1024x576.jpg 1024w, http:\/\/dg3of.de\/wp-content\/uploads\/2017\/03\/11290-EBR-Binnen-O-W-1-300x169.jpg 300w, http:\/\/dg3of.de\/wp-content\/uploads\/2017\/03\/11290-EBR-Binnen-O-W-1-768x432.jpg 768w, http:\/\/dg3of.de\/wp-content\/uploads\/2017\/03\/11290-EBR-Binnen-O-W-1.jpg 1279w\" sizes=\"auto, (max-width: 640px) 100vw, 640px\" \/><\/a><\/td>\n<\/tr>\n<\/tbody>\n<\/table>\n<p>11,290 &#8211; B\u00dc Bergstra\u00dfe<br \/>\n<a href=\"http:\/\/dg3of.de\/wp-content\/uploads\/2017\/03\/12550-Viadukt-Binner-Schlucht-O-W-1.jpg\"><img loading=\"lazy\" decoding=\"async\" class=\"alignleft size-large wp-image-5350\" src=\"http:\/\/dg3of.de\/wp-content\/uploads\/2017\/03\/12550-Viadukt-Binner-Schlucht-O-W-1-1024x576.jpg\" alt=\"\" width=\"640\" height=\"360\" srcset=\"http:\/\/dg3of.de\/wp-content\/uploads\/2017\/03\/12550-Viadukt-Binner-Schlucht-O-W-1-1024x576.jpg 1024w, http:\/\/dg3of.de\/wp-content\/uploads\/2017\/03\/12550-Viadukt-Binner-Schlucht-O-W-1-300x169.jpg 300w, http:\/\/dg3of.de\/wp-content\/uploads\/2017\/03\/12550-Viadukt-Binner-Schlucht-O-W-1-768x432.jpg 768w, http:\/\/dg3of.de\/wp-content\/uploads\/2017\/03\/12550-Viadukt-Binner-Schlucht-O-W-1.jpg 1280w\" sizes=\"auto, (max-width: 640px) 100vw, 640px\" \/><\/a><br \/>\n12,550 &#8211; EBR Binner Schlucht<\/p>\n<table>\n<tbody>\n<tr>\n<td><a href=\"http:\/\/dg3of.de\/wp-content\/uploads\/2017\/03\/12551-Viadukt-Binner-Schlucht-1.jpg\"><img loading=\"lazy\" decoding=\"async\" class=\"alignleft size-large wp-image-5354\" src=\"http:\/\/dg3of.de\/wp-content\/uploads\/2017\/03\/12551-Viadukt-Binner-Schlucht-1-1024x576.jpg\" alt=\"\" width=\"640\" height=\"360\" srcset=\"http:\/\/dg3of.de\/wp-content\/uploads\/2017\/03\/12551-Viadukt-Binner-Schlucht-1-1024x576.jpg 1024w, http:\/\/dg3of.de\/wp-content\/uploads\/2017\/03\/12551-Viadukt-Binner-Schlucht-1-300x169.jpg 300w, http:\/\/dg3of.de\/wp-content\/uploads\/2017\/03\/12551-Viadukt-Binner-Schlucht-1-768x432.jpg 768w, http:\/\/dg3of.de\/wp-content\/uploads\/2017\/03\/12551-Viadukt-Binner-Schlucht-1.jpg 1280w\" sizes=\"auto, (max-width: 640px) 100vw, 640px\" \/><\/a><\/td>\n<td><a href=\"http:\/\/dg3of.de\/wp-content\/uploads\/2017\/03\/12550-Viadukt-Binner-Schlucht-W-O-1.jpg\"><img loading=\"lazy\" decoding=\"async\" class=\"alignleft size-large wp-image-5355\" src=\"http:\/\/dg3of.de\/wp-content\/uploads\/2017\/03\/12550-Viadukt-Binner-Schlucht-W-O-1-1024x576.jpg\" alt=\"\" width=\"640\" height=\"360\" srcset=\"http:\/\/dg3of.de\/wp-content\/uploads\/2017\/03\/12550-Viadukt-Binner-Schlucht-W-O-1-1024x576.jpg 1024w, http:\/\/dg3of.de\/wp-content\/uploads\/2017\/03\/12550-Viadukt-Binner-Schlucht-W-O-1-300x169.jpg 300w, http:\/\/dg3of.de\/wp-content\/uploads\/2017\/03\/12550-Viadukt-Binner-Schlucht-W-O-1-768x432.jpg 768w, http:\/\/dg3of.de\/wp-content\/uploads\/2017\/03\/12550-Viadukt-Binner-Schlucht-W-O-1.jpg 1280w\" sizes=\"auto, (max-width: 640px) 100vw, 640px\" \/><\/a><\/td>\n<\/tr>\n<\/tbody>\n<\/table>\n<p>12,550 &#8211; EBR Binner Schlucht<\/p>\n<ul>\n<li>&lt;&lt;&lt; <a href=\"http:\/\/dg3of.de\/?page_id=645\">08,700 &#8211; Hpu Oyle<\/a><\/li>\n<li>&gt;&gt;&gt; <a href=\"http:\/\/dg3of.de\/?page_id=649\">14,750 &#8211; Bf Liebenau (Han)<\/a><\/li>\n<\/ul>\n<p><a href=\"#\">Nach oben<\/a><\/p>\n","protected":false},"excerpt":{"rendered":"<p>Kartenauszug\u00a0OpenRailwayMap\u00a0&#8211;\u00a0\u00dcbersicht Strecke 1743 Kartenauszug TK 1:25000 (Reichsamt f\u00fcr Landesvermessung 1945) Lageplan, Zustand 1954 09,985 &#8211; B\u00dc Dorfstra\u00dfe 10,100 &#8211; ehem. Bf Binnen-B\u00fchren um 1920 10,100 &#8211; ehem. Bf Binnen-B\u00fchren &#8211; Bahnhofszufahrt &nbsp; 10,100 &#8211; ex Bf Binnen-B\u00fchren, 10,500 &#8211; EBR &hellip; <a href=\"http:\/\/dg3of.de\/?page_id=647\">Weiterlesen <span class=\"meta-nav\">&rarr;<\/span><\/a><\/p>\n","protected":false},"author":1,"featured_media":0,"parent":375,"menu_order":0,"comment_status":"closed","ping_status":"closed","template":"","meta":{"footnotes":""},"class_list":["post-647","page","type-page","status-publish","hentry"],"_links":{"self":[{"href":"http:\/\/dg3of.de\/index.php?rest_route=\/wp\/v2\/pages\/647","targetHints":{"allow":["GET"]}}],"collection":[{"href":"http:\/\/dg3of.de\/index.php?rest_route=\/wp\/v2\/pages"}],"about":[{"href":"http:\/\/dg3of.de\/index.php?rest_route=\/wp\/v2\/types\/page"}],"author":[{"embeddable":true,"href":"http:\/\/dg3of.de\/index.php?rest_route=\/wp\/v2\/users\/1"}],"replies":[{"embeddable":true,"href":"http:\/\/dg3of.de\/index.php?rest_route=%2Fwp%2Fv2%2Fcomments&post=647"}],"version-history":[{"count":22,"href":"http:\/\/dg3of.de\/index.php?rest_route=\/wp\/v2\/pages\/647\/revisions"}],"predecessor-version":[{"id":5416,"href":"http:\/\/dg3of.de\/index.php?rest_route=\/wp\/v2\/pages\/647\/revisions\/5416"}],"up":[{"embeddable":true,"href":"http:\/\/dg3of.de\/index.php?rest_route=\/wp\/v2\/pages\/375"}],"wp:attachment":[{"href":"http:\/\/dg3of.de\/index.php?rest_route=%2Fwp%2Fv2%2Fmedia&parent=647"}],"curies":[{"name":"wp","href":"https:\/\/api.w.org\/{rel}","templated":true}]}}