{"id":605,"date":"2017-03-29T06:26:44","date_gmt":"2017-03-29T04:26:44","guid":{"rendered":"http:\/\/dg3of.de\/?page_id=605"},"modified":"2017-12-06T08:52:04","modified_gmt":"2017-12-06T06:52:04","slug":"11100-bf-estorf-weser","status":"publish","type":"page","link":"http:\/\/dg3of.de\/?page_id=605","title":{"rendered":"11,100 &#8211; Bf Estorf (Weser)"},"content":{"rendered":"<p><a href=\"http:\/\/dg3of.de\/wp-content\/uploads\/2017\/03\/Estorf.png\"><img loading=\"lazy\" decoding=\"async\" class=\"alignright wp-image-3395 size-full\" src=\"http:\/\/dg3of.de\/wp-content\/uploads\/2017\/03\/Estorf.png\" alt=\"\" width=\"671\" height=\"449\" srcset=\"http:\/\/dg3of.de\/wp-content\/uploads\/2017\/03\/Estorf.png 671w, http:\/\/dg3of.de\/wp-content\/uploads\/2017\/03\/Estorf-300x201.png 300w\" sizes=\"auto, (max-width: 671px) 100vw, 671px\" \/><\/a><\/p>\n<p>Kartenauszug\u00a0<a href=\"http:\/\/www.openrailwaymap.org\/mobile.php?searchquery=&amp;lang=de\" target=\"_blank\" rel=\"noopener\">OpenRailwayMap<\/a><\/p>\n<p>Kartenauszug TK 1:25000 (Reichsamt f\u00fcr Landesvermessung 1945)<\/p>\n<p><a href=\"http:\/\/dg3of.de\/wp-content\/uploads\/2017\/03\/Estorf-Weser-Bf-Lageplan-Bahn.jpg\"><img loading=\"lazy\" decoding=\"async\" class=\"alignleft size-full wp-image-1046\" src=\"http:\/\/dg3of.de\/wp-content\/uploads\/2017\/03\/Estorf-Weser-Bf-Lageplan-Bahn.jpg\" alt=\"\" width=\"1595\" height=\"638\" srcset=\"http:\/\/dg3of.de\/wp-content\/uploads\/2017\/03\/Estorf-Weser-Bf-Lageplan-Bahn.jpg 1595w, http:\/\/dg3of.de\/wp-content\/uploads\/2017\/03\/Estorf-Weser-Bf-Lageplan-Bahn-300x120.jpg 300w, http:\/\/dg3of.de\/wp-content\/uploads\/2017\/03\/Estorf-Weser-Bf-Lageplan-Bahn-768x307.jpg 768w, http:\/\/dg3of.de\/wp-content\/uploads\/2017\/03\/Estorf-Weser-Bf-Lageplan-Bahn-1024x410.jpg 1024w\" sizes=\"auto, (max-width: 1595px) 100vw, 1595px\" \/><\/a><\/p>\n<p>Lageplan, Zustand 1954<\/p>\n<p>Zum Fahrplanwechsel 1987\/88 wurde der Bahnhof als Tarifstelle f\u00fcr den Personenverkehr aufgel\u00f6st.<\/p>\n<table>\n<tbody>\n<tr>\n<td><a href=\"http:\/\/dg3of.de\/wp-content\/uploads\/2017\/03\/09905-B\u00dc-Bruchstra\u00dfe-W-O-1.jpg\"><img loading=\"lazy\" decoding=\"async\" class=\"alignleft size-large wp-image-5518\" src=\"http:\/\/dg3of.de\/wp-content\/uploads\/2017\/03\/09905-B\u00dc-Bruchstra\u00dfe-W-O-1-1024x576.jpg\" alt=\"\" width=\"640\" height=\"360\" srcset=\"http:\/\/dg3of.de\/wp-content\/uploads\/2017\/03\/09905-B\u00dc-Bruchstra\u00dfe-W-O-1-1024x576.jpg 1024w, http:\/\/dg3of.de\/wp-content\/uploads\/2017\/03\/09905-B\u00dc-Bruchstra\u00dfe-W-O-1-300x169.jpg 300w, http:\/\/dg3of.de\/wp-content\/uploads\/2017\/03\/09905-B\u00dc-Bruchstra\u00dfe-W-O-1-768x432.jpg 768w, http:\/\/dg3of.de\/wp-content\/uploads\/2017\/03\/09905-B\u00dc-Bruchstra\u00dfe-W-O-1.jpg 1280w\" sizes=\"auto, (max-width: 640px) 100vw, 640px\" \/><\/a><\/td>\n<td><a href=\"http:\/\/dg3of.de\/wp-content\/uploads\/2017\/03\/09905-B\u00dc-Bruchstra\u00dfe-O-W-1.jpg\"><img loading=\"lazy\" decoding=\"async\" class=\"alignleft size-large wp-image-5519\" src=\"http:\/\/dg3of.de\/wp-content\/uploads\/2017\/03\/09905-B\u00dc-Bruchstra\u00dfe-O-W-1-1024x576.jpg\" alt=\"\" width=\"640\" height=\"360\" srcset=\"http:\/\/dg3of.de\/wp-content\/uploads\/2017\/03\/09905-B\u00dc-Bruchstra\u00dfe-O-W-1-1024x576.jpg 1024w, http:\/\/dg3of.de\/wp-content\/uploads\/2017\/03\/09905-B\u00dc-Bruchstra\u00dfe-O-W-1-300x169.jpg 300w, http:\/\/dg3of.de\/wp-content\/uploads\/2017\/03\/09905-B\u00dc-Bruchstra\u00dfe-O-W-1-768x432.jpg 768w, http:\/\/dg3of.de\/wp-content\/uploads\/2017\/03\/09905-B\u00dc-Bruchstra\u00dfe-O-W-1.jpg 1280w\" sizes=\"auto, (max-width: 640px) 100vw, 640px\" \/><\/a><\/td>\n<\/tr>\n<\/tbody>\n<\/table>\n<p>09,905 &#8211; B\u00dc Bruchstra\u00dfe W-O \/ O-W<\/p>\n<p><a href=\"http:\/\/dg3of.de\/wp-content\/uploads\/2017\/03\/11120-EG-01.jpg\"><img loading=\"lazy\" decoding=\"async\" class=\"alignnone size-full wp-image-1986\" src=\"http:\/\/dg3of.de\/wp-content\/uploads\/2017\/03\/11120-EG-01.jpg\" alt=\"\" width=\"1920\" height=\"1080\" srcset=\"http:\/\/dg3of.de\/wp-content\/uploads\/2017\/03\/11120-EG-01.jpg 1920w, http:\/\/dg3of.de\/wp-content\/uploads\/2017\/03\/11120-EG-01-300x169.jpg 300w, http:\/\/dg3of.de\/wp-content\/uploads\/2017\/03\/11120-EG-01-768x432.jpg 768w, http:\/\/dg3of.de\/wp-content\/uploads\/2017\/03\/11120-EG-01-1024x576.jpg 1024w\" sizes=\"auto, (max-width: 1920px) 100vw, 1920px\" \/><\/a><\/p>\n<p>11,100 &#8211; Bf Estorf (Weser)<\/p>\n<p><a href=\"http:\/\/dg3of.de\/wp-content\/uploads\/2017\/03\/11200-EG-04-1.jpg\"><img loading=\"lazy\" decoding=\"async\" class=\"alignleft size-large wp-image-5534\" src=\"http:\/\/dg3of.de\/wp-content\/uploads\/2017\/03\/11200-EG-04-1-1024x576.jpg\" alt=\"\" width=\"640\" height=\"360\" srcset=\"http:\/\/dg3of.de\/wp-content\/uploads\/2017\/03\/11200-EG-04-1-1024x576.jpg 1024w, http:\/\/dg3of.de\/wp-content\/uploads\/2017\/03\/11200-EG-04-1-300x169.jpg 300w, http:\/\/dg3of.de\/wp-content\/uploads\/2017\/03\/11200-EG-04-1-768x432.jpg 768w, http:\/\/dg3of.de\/wp-content\/uploads\/2017\/03\/11200-EG-04-1.jpg 1280w\" sizes=\"auto, (max-width: 640px) 100vw, 640px\" \/><\/a><\/p>\n<p>&nbsp;<\/p>\n<p>11,100 &#8211; Bf Estorf (Weser)<\/p>\n<table>\n<tbody>\n<tr>\n<td><a href=\"http:\/\/dg3of.de\/wp-content\/uploads\/2017\/03\/11210-Gleis-Richtung-S\u00fcden-1.jpg\"><img loading=\"lazy\" decoding=\"async\" class=\"alignleft size-large wp-image-5522\" src=\"http:\/\/dg3of.de\/wp-content\/uploads\/2017\/03\/11210-Gleis-Richtung-S\u00fcden-1-1024x576.jpg\" alt=\"\" width=\"640\" height=\"360\" srcset=\"http:\/\/dg3of.de\/wp-content\/uploads\/2017\/03\/11210-Gleis-Richtung-S\u00fcden-1-1024x576.jpg 1024w, http:\/\/dg3of.de\/wp-content\/uploads\/2017\/03\/11210-Gleis-Richtung-S\u00fcden-1-300x169.jpg 300w, http:\/\/dg3of.de\/wp-content\/uploads\/2017\/03\/11210-Gleis-Richtung-S\u00fcden-1-768x432.jpg 768w, http:\/\/dg3of.de\/wp-content\/uploads\/2017\/03\/11210-Gleis-Richtung-S\u00fcden-1.jpg 1280w\" sizes=\"auto, (max-width: 640px) 100vw, 640px\" \/><\/a><\/td>\n<td><a href=\"http:\/\/dg3of.de\/wp-content\/uploads\/2017\/03\/11260-Gleis-Richtung-Norden-1.jpg\"><img loading=\"lazy\" decoding=\"async\" class=\"alignleft size-large wp-image-5523\" src=\"http:\/\/dg3of.de\/wp-content\/uploads\/2017\/03\/11260-Gleis-Richtung-Norden-1-1024x576.jpg\" alt=\"\" width=\"640\" height=\"360\" srcset=\"http:\/\/dg3of.de\/wp-content\/uploads\/2017\/03\/11260-Gleis-Richtung-Norden-1-1024x576.jpg 1024w, http:\/\/dg3of.de\/wp-content\/uploads\/2017\/03\/11260-Gleis-Richtung-Norden-1-300x169.jpg 300w, http:\/\/dg3of.de\/wp-content\/uploads\/2017\/03\/11260-Gleis-Richtung-Norden-1-768x432.jpg 768w, http:\/\/dg3of.de\/wp-content\/uploads\/2017\/03\/11260-Gleis-Richtung-Norden-1.jpg 1279w\" sizes=\"auto, (max-width: 640px) 100vw, 640px\" \/><\/a><\/td>\n<\/tr>\n<\/tbody>\n<\/table>\n<p>11,100 &#8211; Bf Estorf (Weser)<\/p>\n<table>\n<tbody>\n<tr>\n<td><a href=\"http:\/\/dg3of.de\/wp-content\/uploads\/2017\/03\/11270-B\u00dc-Bahnhofstra\u00dfe-W-O-1.jpg\"><img loading=\"lazy\" decoding=\"async\" class=\"alignleft size-large wp-image-5525\" src=\"http:\/\/dg3of.de\/wp-content\/uploads\/2017\/03\/11270-B\u00dc-Bahnhofstra\u00dfe-W-O-1-1024x576.jpg\" alt=\"\" width=\"640\" height=\"360\" srcset=\"http:\/\/dg3of.de\/wp-content\/uploads\/2017\/03\/11270-B\u00dc-Bahnhofstra\u00dfe-W-O-1-1024x576.jpg 1024w, http:\/\/dg3of.de\/wp-content\/uploads\/2017\/03\/11270-B\u00dc-Bahnhofstra\u00dfe-W-O-1-300x169.jpg 300w, http:\/\/dg3of.de\/wp-content\/uploads\/2017\/03\/11270-B\u00dc-Bahnhofstra\u00dfe-W-O-1-768x432.jpg 768w, http:\/\/dg3of.de\/wp-content\/uploads\/2017\/03\/11270-B\u00dc-Bahnhofstra\u00dfe-W-O-1.jpg 1280w\" sizes=\"auto, (max-width: 640px) 100vw, 640px\" \/><\/a><\/td>\n<td><a href=\"http:\/\/dg3of.de\/wp-content\/uploads\/2017\/03\/11270-B\u00dc-Bahnhofstra\u00dfe-O-W-1.jpg\"><img loading=\"lazy\" decoding=\"async\" class=\"alignleft size-large wp-image-5526\" src=\"http:\/\/dg3of.de\/wp-content\/uploads\/2017\/03\/11270-B\u00dc-Bahnhofstra\u00dfe-O-W-1-1024x576.jpg\" alt=\"\" width=\"640\" height=\"360\" srcset=\"http:\/\/dg3of.de\/wp-content\/uploads\/2017\/03\/11270-B\u00dc-Bahnhofstra\u00dfe-O-W-1-1024x576.jpg 1024w, http:\/\/dg3of.de\/wp-content\/uploads\/2017\/03\/11270-B\u00dc-Bahnhofstra\u00dfe-O-W-1-300x169.jpg 300w, http:\/\/dg3of.de\/wp-content\/uploads\/2017\/03\/11270-B\u00dc-Bahnhofstra\u00dfe-O-W-1-768x432.jpg 768w, http:\/\/dg3of.de\/wp-content\/uploads\/2017\/03\/11270-B\u00dc-Bahnhofstra\u00dfe-O-W-1.jpg 1280w\" sizes=\"auto, (max-width: 640px) 100vw, 640px\" \/><\/a><\/td>\n<\/tr>\n<\/tbody>\n<\/table>\n<p>11,270 &#8211; B\u00dc Bahnhofstra\u00dfe W-O \/ O-W<\/p>\n<table>\n<tbody>\n<tr>\n<td><a href=\"http:\/\/dg3of.de\/wp-content\/uploads\/2017\/03\/11650-B\u00dc-Neue-Schulstra\u00dfe-W-O-1.jpg\"><img loading=\"lazy\" decoding=\"async\" class=\"alignleft size-large wp-image-5527\" src=\"http:\/\/dg3of.de\/wp-content\/uploads\/2017\/03\/11650-B\u00dc-Neue-Schulstra\u00dfe-W-O-1-1024x576.jpg\" alt=\"\" width=\"640\" height=\"360\" srcset=\"http:\/\/dg3of.de\/wp-content\/uploads\/2017\/03\/11650-B\u00dc-Neue-Schulstra\u00dfe-W-O-1-1024x576.jpg 1024w, http:\/\/dg3of.de\/wp-content\/uploads\/2017\/03\/11650-B\u00dc-Neue-Schulstra\u00dfe-W-O-1-300x169.jpg 300w, http:\/\/dg3of.de\/wp-content\/uploads\/2017\/03\/11650-B\u00dc-Neue-Schulstra\u00dfe-W-O-1-768x432.jpg 768w, http:\/\/dg3of.de\/wp-content\/uploads\/2017\/03\/11650-B\u00dc-Neue-Schulstra\u00dfe-W-O-1.jpg 1280w\" sizes=\"auto, (max-width: 640px) 100vw, 640px\" \/><\/a><\/td>\n<td><a href=\"http:\/\/dg3of.de\/wp-content\/uploads\/2017\/03\/11650-B\u00dc-Neue-Schulstra\u00dfe-O-W-1.jpg\"><img loading=\"lazy\" decoding=\"async\" class=\"alignleft size-large wp-image-5528\" src=\"http:\/\/dg3of.de\/wp-content\/uploads\/2017\/03\/11650-B\u00dc-Neue-Schulstra\u00dfe-O-W-1-1024x574.jpg\" alt=\"\" width=\"640\" height=\"359\" srcset=\"http:\/\/dg3of.de\/wp-content\/uploads\/2017\/03\/11650-B\u00dc-Neue-Schulstra\u00dfe-O-W-1-1024x574.jpg 1024w, http:\/\/dg3of.de\/wp-content\/uploads\/2017\/03\/11650-B\u00dc-Neue-Schulstra\u00dfe-O-W-1-300x168.jpg 300w, http:\/\/dg3of.de\/wp-content\/uploads\/2017\/03\/11650-B\u00dc-Neue-Schulstra\u00dfe-O-W-1-768x431.jpg 768w, http:\/\/dg3of.de\/wp-content\/uploads\/2017\/03\/11650-B\u00dc-Neue-Schulstra\u00dfe-O-W-1.jpg 1280w\" sizes=\"auto, (max-width: 640px) 100vw, 640px\" \/><\/a><\/td>\n<\/tr>\n<\/tbody>\n<\/table>\n<p>11,650 &#8211; B\u00dc Neue Schulstra\u00dfe W-O \/ O-W<\/p>\n<table>\n<tbody>\n<tr>\n<td><a href=\"http:\/\/dg3of.de\/wp-content\/uploads\/2017\/03\/12370-B\u00dc-Feldweg-W-O-1.jpg\"><img loading=\"lazy\" decoding=\"async\" class=\"alignleft size-large wp-image-5531\" src=\"http:\/\/dg3of.de\/wp-content\/uploads\/2017\/03\/12370-B\u00dc-Feldweg-W-O-1-1024x576.jpg\" alt=\"\" width=\"640\" height=\"360\" srcset=\"http:\/\/dg3of.de\/wp-content\/uploads\/2017\/03\/12370-B\u00dc-Feldweg-W-O-1-1024x576.jpg 1024w, http:\/\/dg3of.de\/wp-content\/uploads\/2017\/03\/12370-B\u00dc-Feldweg-W-O-1-300x169.jpg 300w, http:\/\/dg3of.de\/wp-content\/uploads\/2017\/03\/12370-B\u00dc-Feldweg-W-O-1-768x432.jpg 768w, http:\/\/dg3of.de\/wp-content\/uploads\/2017\/03\/12370-B\u00dc-Feldweg-W-O-1.jpg 1280w\" sizes=\"auto, (max-width: 640px) 100vw, 640px\" \/><\/a><\/td>\n<td><a href=\"http:\/\/dg3of.de\/wp-content\/uploads\/2017\/03\/12370-B\u00dc-Feldweg-O-W-1.jpg\"><img loading=\"lazy\" decoding=\"async\" class=\"alignleft size-large wp-image-5532\" src=\"http:\/\/dg3of.de\/wp-content\/uploads\/2017\/03\/12370-B\u00dc-Feldweg-O-W-1-1024x576.jpg\" alt=\"\" width=\"640\" height=\"360\" srcset=\"http:\/\/dg3of.de\/wp-content\/uploads\/2017\/03\/12370-B\u00dc-Feldweg-O-W-1-1024x576.jpg 1024w, http:\/\/dg3of.de\/wp-content\/uploads\/2017\/03\/12370-B\u00dc-Feldweg-O-W-1-300x169.jpg 300w, http:\/\/dg3of.de\/wp-content\/uploads\/2017\/03\/12370-B\u00dc-Feldweg-O-W-1-768x432.jpg 768w, http:\/\/dg3of.de\/wp-content\/uploads\/2017\/03\/12370-B\u00dc-Feldweg-O-W-1.jpg 1280w\" sizes=\"auto, (max-width: 640px) 100vw, 640px\" \/><\/a><\/td>\n<\/tr>\n<\/tbody>\n<\/table>\n<p>12,370 &#8211; B\u00dc Feldweg W-O \/ O-W<\/p>\n<ul>\n<li>&lt;&lt;&lt; <a href=\"http:\/\/dg3of.de\/?page_id=603\">07,770 &#8211; Bf Sch\u00e4ferhof<\/a><\/li>\n<li>&gt;&gt;&gt; <a href=\"http:\/\/dg3of.de\/?page_id=607\">14,930 &#8211; Bf Landesbergen (Han)<\/a><\/li>\n<\/ul>\n<p><a href=\"#\">Nach oben<\/a><\/p>\n","protected":false},"excerpt":{"rendered":"<p>Kartenauszug\u00a0OpenRailwayMap Kartenauszug TK 1:25000 (Reichsamt f\u00fcr Landesvermessung 1945) Lageplan, Zustand 1954 Zum Fahrplanwechsel 1987\/88 wurde der Bahnhof als Tarifstelle f\u00fcr den Personenverkehr aufgel\u00f6st. 09,905 &#8211; B\u00dc Bruchstra\u00dfe W-O \/ O-W 11,100 &#8211; Bf Estorf (Weser) &nbsp; 11,100 &#8211; Bf Estorf &hellip; <a href=\"http:\/\/dg3of.de\/?page_id=605\">Weiterlesen <span class=\"meta-nav\">&rarr;<\/span><\/a><\/p>\n","protected":false},"author":1,"featured_media":0,"parent":371,"menu_order":0,"comment_status":"closed","ping_status":"closed","template":"","meta":{"footnotes":""},"class_list":["post-605","page","type-page","status-publish","hentry"],"_links":{"self":[{"href":"http:\/\/dg3of.de\/index.php?rest_route=\/wp\/v2\/pages\/605","targetHints":{"allow":["GET"]}}],"collection":[{"href":"http:\/\/dg3of.de\/index.php?rest_route=\/wp\/v2\/pages"}],"about":[{"href":"http:\/\/dg3of.de\/index.php?rest_route=\/wp\/v2\/types\/page"}],"author":[{"embeddable":true,"href":"http:\/\/dg3of.de\/index.php?rest_route=\/wp\/v2\/users\/1"}],"replies":[{"embeddable":true,"href":"http:\/\/dg3of.de\/index.php?rest_route=%2Fwp%2Fv2%2Fcomments&post=605"}],"version-history":[{"count":16,"href":"http:\/\/dg3of.de\/index.php?rest_route=\/wp\/v2\/pages\/605\/revisions"}],"predecessor-version":[{"id":5911,"href":"http:\/\/dg3of.de\/index.php?rest_route=\/wp\/v2\/pages\/605\/revisions\/5911"}],"up":[{"embeddable":true,"href":"http:\/\/dg3of.de\/index.php?rest_route=\/wp\/v2\/pages\/371"}],"wp:attachment":[{"href":"http:\/\/dg3of.de\/index.php?rest_route=%2Fwp%2Fv2%2Fmedia&parent=605"}],"curies":[{"name":"wp","href":"https:\/\/api.w.org\/{rel}","templated":true}]}}