{"id":17148,"date":"2022-01-08T06:37:38","date_gmt":"2022-01-08T04:37:38","guid":{"rendered":"http:\/\/dg3of.de\/?page_id=17148"},"modified":"2022-01-08T06:37:38","modified_gmt":"2022-01-08T04:37:38","slug":"1740-wunstorf-bremerhaven-seehafen","status":"publish","type":"page","link":"http:\/\/dg3of.de\/?page_id=17148","title":{"rendered":"1740 Wunstorf &#8211; Bremerhaven-Seehafen"},"content":{"rendered":"<table>\n<colgroup>\n<col \/>\n<col \/><\/colgroup>\n<tbody>\n<tr>\n<td class=\"\">\n<div>Bezeichnung:<\/div>\n<\/td>\n<td class=\"\">Wunstorf &#8211; Bremerhaven-Seehafen<\/td>\n<\/tr>\n<tr>\n<td class=\"\">\n<div>Strecken-Nr.:<\/div>\n<\/td>\n<td class=\"\">\n<div>1740<\/div>\n<\/td>\n<\/tr>\n<tr>\n<td class=\"\">\n<div>Fahrplan:<\/div>\n<\/td>\n<td class=\"\">\n<div><a href=\"http:\/\/pkjs.de\/bahn\/Kursbuch1944\/Teil2\/215.jpg\" target=\"_blank\" rel=\"noopener noreferrer\">215<\/a>\u00a0&#8211; Kursbuch DR 1944<\/div>\n<div><a href=\"http:\/\/nordwind.info\/wp-content\/uploads\/2020\/08\/2225.jpg\">215<\/a> &#8211; Kursbuch DB 1956<\/div>\n<\/td>\n<\/tr>\n<tr>\n<td class=\"\">\n<div>L\u00e4nge:<\/div>\n<\/td>\n<td class=\"\">175,2 km, zweigleisig<\/td>\n<\/tr>\n<tr>\n<td class=\"\">\n<div>Spurweite:<\/div>\n<\/td>\n<td class=\"\">\n<div>1435 mm (Normalspur), elektrifiziert<\/div>\n<\/td>\n<\/tr>\n<tr>\n<td class=\"\">\n<div>Nutzungen:<\/div>\n<\/td>\n<td class=\"\">\n<div><a href=\"https:\/\/de.wikipedia.org\/wiki\/Deutsche_Reichsbahn_(1920%E2%80%931945)\">Deutsche Reichsbahn<\/a> (1920 \u2013 1945)<\/div>\n<div><a href=\"https:\/\/de.wikipedia.org\/wiki\/Deutsche_Bundesbahn\">Deutsche Bundesbahn<\/a> (1945 \u2013 1993)<\/div>\n<div><a href=\"https:\/\/de.wikipedia.org\/wiki\/Deutsche_Bahn\">Deutsche Bahn AG<\/a> (ab 1994)<\/div>\n<\/td>\n<\/tr>\n<tr>\n<td class=\"\">\n<div>Er\u00f6ffnung:<\/div>\n<\/td>\n<td class=\"\">\n<div>12. Dezember 1847<\/div>\n<\/td>\n<\/tr>\n<tr>\n<td class=\"\">\n<div>Schlie\u00dfung:<\/div>\n<\/td>\n<td class=\"\">\n<div>entf\u00e4llt<\/div>\n<\/td>\n<\/tr>\n<tr>\n<td class=\"\">\n<div>Fundstellen:<\/div>\n<\/td>\n<td class=\"\">\n<div>Wiki \u00a0\u2013 <a href=\"https:\/\/de.wikipedia.org\/wiki\/Bahnstrecke_Wunstorf%E2%80%93Bremen\">Wunstorf &#8211; Bremen<\/a><\/div>\n<div>Karte \u2013 <a href=\"https:\/\/www.openrailwaymap.org\/mobile.php?searchquery=&amp;lang=de\" target=\"_blank\" rel=\"noopener noreferrer\">OpenRailwayMap<\/a><\/div>\n<div>Wiki \u00a0\u2013 <a href=\"https:\/\/de.wikipedia.org\/wiki\/Bahnstrecke_Bremen%E2%80%93Bremerhaven\">Bremen &#8211; Bremerhaven<\/a><\/div>\n<div>Karte \u2013 <a href=\"http:\/\/nordwind.info\/wp-content\/uploads\/2018\/11\/Bremen-4000.jpg\">Streckenkarte 1945<\/a> (Bremen)<\/div>\n<div>Karte \u2013 <a href=\"http:\/\/nordwind.info\/wp-content\/uploads\/2018\/11\/Hannover-4000.jpg\">Streckenkarte 1945<\/a> (Hannover)<\/div>\n<div>Karte \u2013 <a href=\"http:\/\/nordwind.info\/wp-content\/uploads\/2017\/09\/Hannover-BD-Hannover-1950.jpg\">Betriebskarte 1950<\/a> (BD Hannover 1959)<\/div>\n<div>Karte \u2013\u00a0<a href=\"http:\/\/nordwind.info\/wp-content\/uploads\/2017\/09\/Deutschland-Karte-Kursbuch-1956.jpg\">Kursbuch 1956<\/a>\u00a0\u2013 Gesamtausgabe<\/div>\n<div>Pl\u00e4ne \u2013 <a href=\"http:\/\/pkjs.de\/bahn\/Kursbuch1944\/Kursbuchtitel.html\">Jahresfahrplan 1944\/1945<\/a>, pkjs<\/div>\n<\/td>\n<\/tr>\n<tr>\n<td class=\"\">\n<div>Streckenband:<\/div>\n<\/td>\n<td class=\"\">\n<div>Abzw 1700 Hannover Hamm (Westf)<\/div>\n<div>021,300 &#8211; Bf Wunstorf<\/div>\n<div>Abzw 9178\u00a0Wunstorf &#8211; Mesmerode<\/div>\n<div><em>Abzw \u00a0<a href=\"http:\/\/nordwind.info\/?page_id=3496\">215 b<\/a>\u00a0Wunstorf &#8211; Uchte<\/em><\/div>\n<div>026,900 &#8211; Bf Poggenhagen<\/div>\n<div>Abzw Gleisanschluss Fliegerhorst Wunstorf<\/div>\n<div>031,000 &#8211; Bf Neustadt am R\u00fcbenberge<\/div>\n<div>036,100 &#8211; Bf Eilvese<\/div>\n<div>040,200 &#8211; Bf Hagen (Han)<\/div>\n<div>043,900 &#8211; <em>Bk R\u00fcthebach<\/em><\/div>\n<div>046,300 &#8211; Bf Linsburg<\/div>\n<div>051,260 &#8211; <em>Bk Westerbruch (sp\u00e4ter Po 51)<\/em><\/div>\n<div>052,438 &#8211; <em>Po 52<\/em>&#8211;<\/div>\n<div><i>Abzw\u00a0Aal.\u00a0<\/i>Lufthauptmunitionsanstalt 3\/XI<\/div>\n<div>Abzw\u00a01741\u00a0Nienburg (Weser) &#8211; Minden (Westf)<\/div>\n<div>055,340 &#8211; <a href=\"http:\/\/nordwind.info\/?page_id=4358\">Bf Nienburg (Weser)<\/a><\/div>\n<div>Abzw Agl.\u00a0Kali-Chemie\/Industriepark<\/div>\n<div>056,492 &#8211; <em>ex B\u00dc\u00a0Po 56 &#8211; Prinzenstra\u00dfe \/ H\u00fcttenstra\u00dfe<\/em><\/div>\n<div>Abzw\u00a01743\u00a0&#8211; Nienburg (Weser) &#8211; Rahden (Westf)<\/div>\n<div>057,200 &#8211; <em>ex B\u00dc Theodor-Storm-Stra\u00dfe<\/em><\/div>\n<div>057,900 &#8211; <em>ex B\u00dc B\u00e4ckerstra\u00dfe<\/em><\/div>\n<div>058,600 &#8211; <em>ex B\u00dc Rudolf-Kinau-Stra\u00dfe<\/em><\/div>\n<div>058,860 &#8211; <em>Bk Holtorf<\/em><\/div>\n<div>058,860 &#8211; <em>ex B\u00dc Am M\u00fchlenbach \/ Kochs Hof<\/em><\/div>\n<div>059,500 &#8211;\u00a0<em>ex B\u00dc Po 59 &#8211; Hoyaer Stra\u00dfe<\/em><\/div>\n<div>060,000 &#8211; <em>ex B\u00dc Feldweg<\/em><\/div>\n<div>060,314 &#8211; <em>ex B\u00dc\u00a0Po 60 &#8211; Tredde, Drakenburg<\/em><\/div>\n<div>061,210 &#8211; <em>ex B\u00dc Stw Rsf &#8211; EBR Schwarzer Weg<\/em><\/div>\n<div>062,100 &#8211; Bf Rohrsen (b Nienburg)<\/div>\n<div>062,169 &#8211; <em>ex B\u00fc Stw Rn- \u00a0B 215<\/em><\/div>\n<div>062,850 &#8211; <em>ex B\u00dc Feldweg<\/em><\/div>\n<div>065,100 &#8211; <em>ex B\u00dc\u00a0Schwarze Stra\u00dfe<\/em><\/div>\n<div>065,722 &#8211; <em>ex B\u00dc Lindenstra\u00dfe<\/em><\/div>\n<div>065,782 &#8211; <em>ex B\u00dc\u00a0Po 65 &#8211;\u00a0K1 Ha\u00dfbergen &#8211; Rethem<\/em><\/div>\n<div>066,300 &#8211; <em>ex B\u00dc Feldweg<\/em><\/div>\n<div>066,900 &#8211; <em>ex B\u00dc Feldweg<\/em><\/div>\n<div>066,760 &#8211; <em>Bk Ha\u00dfbergen<\/em><\/div>\n<div>067,600 &#8211;\u00a0<em>ex B\u00dc Feldweg<\/em><\/div>\n<div>069,748 &#8211; <em>ex B\u00dc Brandsholzweg \/ An der Reithalle<\/em><\/div>\n<div>070,425 &#8211; <em>ex B\u00dc Behringweg<\/em><\/div>\n<div>071,001 &#8211; <em>ex B\u00dc Bahnhofstra\u00dfe<\/em><\/div>\n<div>071,000 &#8211; Bf Eystrup<\/div>\n<div>Abzw 9142\u00a0Eystrup &#8211; Syke<\/div>\n<div>071,885 &#8211; B\u00dc Hohenholzer Weg<\/div>\n<div>072,282 &#8211; ex B\u00dc Feldweg<\/div>\n<div>072,667 &#8211; ex B\u00dc Rethemer Weg<\/div>\n<div>073,955 &#8211; <em>ex B\u00dc Feldweg<\/em><\/div>\n<div>074,440 &#8211; <em>Bk R\u00fcbeland<\/em><\/div>\n<div>075,937 &#8211; <em>ex B\u00dc Hoyaer Stra\u00dfe \/ Beckmannsweg<\/em><\/div>\n<div><i>Abzw\u00a0Aal.\u00a0<\/i>Pulverfabrik Anlage Weser<\/div>\n<div>078,200 &#8211; Bf D\u00f6rverden<\/div>\n<div>083,300 &#8211; <em>Bf Wahnebergen<\/em><\/div>\n<div>Abzw 9140\u00a0Verden &#8211; Walsrode<\/div>\n<div>086,600 &#8211; Bf Verden (Aller)<\/div>\n<div>Abzw 1745\u00a0Verden (Aller &#8211; Rotenburg (W\u00fcmme)<\/div>\n<div>Abzw 1960\u00a0Uelzen &#8211; Langwedel<\/div>\n<div>090,380 &#8211; <em>Bk Dauelsen<\/em><\/div>\n<div>093,800 &#8211; Bf Langwedel<\/div>\n<div>097,110 &#8211; <em>Bk Kluvenhagen<\/em><\/div>\n<div>099,200 &#8211; Bf Etelsen<\/div>\n<div>102,200 &#8211; Bf Baden (Kr Verden)<\/div>\n<div><em>Abzw ehem. Bundeswehr Baden<\/em><\/div>\n<div>105,724 &#8211; Bf Achim<\/div>\n<div>108,230 &#8211; <em>Bk Uphusen<\/em><\/div>\n<div>111,850 &#8211; Bf Bremen-Mahndorf<\/div>\n<div>114,242 &#8211; <em>Hpu Bremen-Sebaldsbr\u00fcck AW<\/em><\/div>\n<div>116,680 &#8211; Bf Bremen-Sebaldsbr\u00fcck<\/div>\n<div>117,500 &#8211; <em>Abzw Hastedt<\/em><\/div>\n<div>119,000 &#8211; <em>Abzw Vahr<\/em><\/div>\n<div>122,276 &#8211; <a href=\"http:\/\/nordwind.info\/?page_id=6306\">Bf Bremen Hbf<\/a><\/div>\n<div>Abzw\u00a01500\u00a0Oldenburg (Oldb) Hbf &#8211; Bremen Hbf<\/div>\n<div>Abzw \u00a02200\u00a0Wanne-Eickel &#8211; Hamburg Hbf<\/div>\n<div>125,190 &#8211; Hpu Bremen-Walle<\/div>\n<div>128,000 &#8211; Hbf Bremen Rbf<\/div>\n<div>130,180 &#8211; Hpu Bremen-Oslebshausen<\/div>\n<div>131,700 &#8211; <em>Bk Grambke<\/em><\/div>\n<div>133,590 &#8211; Bf Bremen-Burg<\/div>\n<div>Abzw 1423 Bremen-Burg &#8211; Bremen-Vegesack<\/div>\n<div>138,190 &#8211; Bf Ritterhude\u00a0(heute Hpu)<\/div>\n<div>143,448 &#8211; Bf Osterholz-Scharmbeck<\/div>\n<div>Abzw\u00a09132\u00a0Bremerv\u00f6rde &#8211; Osterh.-Scharmbeck<\/div>\n<div>150,280 &#8211; Bf Oldenb\u00fcttel<\/div>\n<div><em>Abzw Agl ehem. Kaserne Galstedt<\/em><\/div>\n<div>157,190 &#8211; Bf L\u00fcbberstedt<\/div>\n<div>164,240 &#8211; Bf Stubben<\/div>\n<div>169,530 &#8211; Bf Lunestedt\u00a0(exFreschluneberg, heute Hpu)<\/div>\n<div>176,200 &#8211; Bf Loxstedt(heute Hpu)<\/div>\n<div>180,880 &#8211; Bf Bremerhaven-Wulsdorf<\/div>\n<div>Abzw 1300\u00a0Bremerhaven-Wulsdorf &#8211; Buchholz<\/div>\n<div>Abzw 1301 Bremerhaven-Wulsdorf &#8211; Fischereihafen<\/div>\n<div>Abzw 1302 Bremerhaven-Wulsdorf &#8211; Geestem\u00fcnde<\/div>\n<div><em>Abzw 115 m\u00a0Weserm\u00fcnde &#8211; Farge<\/em><\/div>\n<div>184,250 &#8211; Bf Bremerhaven Hbf<\/div>\n<div>187,770 &#8211; Bf Bremerhaven-Lehe<\/div>\n<div>190,390 &#8211; Bf Bremerhaven-Speckenb\u00fcttel<\/div>\n<div>Abzw <a href=\"http:\/\/nordwind.info\/?page_id=9395\">1311<\/a>\u00a0Bremerhaven &#8211; Bederkesa<\/div>\n<div>Abzw\u00a0<a href=\"http:\/\/nordwind.info\/?page_id=4330\">1310<\/a>\u00a0Bremerhaven &#8211; Cuxhaven<\/div>\n<div>192,470 &#8211; Bf Bremerhaven-Kaiserhafen<\/div>\n<div>196,470 &#8211; Bf Bremerhaven-Seehafen, Columbusbahnhof<\/div>\n<\/td>\n<\/tr>\n<\/tbody>\n<\/table>\n<p><a>Nach oben<\/a><\/p>\n<p>&nbsp;<\/p>\n<p><strong>\u00dcbersichtskarte<\/strong><\/p>\n<p><a href=\"http:\/\/nordwind.info\/wp-content\/uploads\/2018\/03\/Karte-Niedersachsen-Nord-KB-1956.jpg\"><img loading=\"lazy\" decoding=\"async\" class=\"aligncenter size-large wp-image-2724\" src=\"http:\/\/nordwind.info\/wp-content\/uploads\/2018\/03\/Karte-Niedersachsen-Nord-KB-1956-1024x729.jpg\" alt=\"\" width=\"640\" height=\"456\" \/><\/a><\/p>\n<p>Kursbuch DB 1956<\/p>\n<p><a href=\"http:\/\/nordwind.info\/wp-content\/uploads\/2018\/11\/Karte-1740-Wunstorf-Bremerhaven.jpg\"><img loading=\"lazy\" decoding=\"async\" class=\"aligncenter size-large wp-image-4348\" src=\"http:\/\/nordwind.info\/wp-content\/uploads\/2018\/11\/Karte-1740-Wunstorf-Bremerhaven-598x1024.jpg\" alt=\"\" width=\"598\" height=\"1024\" \/><\/a><\/p>\n<p>Kartenauszug BD Hannover 1950<\/p>\n<p><strong>Fahrplan<\/strong><\/p>\n<p><a href=\"http:\/\/nordwind.info\/wp-content\/uploads\/2018\/11\/215.jpg\"><img loading=\"lazy\" decoding=\"async\" class=\"aligncenter size-full wp-image-4349\" src=\"http:\/\/nordwind.info\/wp-content\/uploads\/2018\/11\/215.jpg\" alt=\"\" width=\"990\" height=\"620\" \/><\/a><\/p>\n<p>Deutsches Kursbuch 1944\/1945,\u00a0<a href=\"http:\/\/pkjs.de\/bahn\/Kursbuch1944\/Kursbuchtitel.html\" target=\"_blank\" rel=\"noopener noreferrer\">pkjs.de<\/a><\/p>\n<p><a>Nach oben<\/a><\/p>\n<p><a href=\"http:\/\/nordwind.info\/wp-content\/uploads\/2018\/03\/sh2schluss.gif\"><img loading=\"lazy\" decoding=\"async\" class=\"aligncenter size-full wp-image-2750\" src=\"http:\/\/nordwind.info\/wp-content\/uploads\/2018\/03\/sh2schluss.gif\" alt=\"\" width=\"45\" height=\"66\" \/><\/a><\/p>\n<div id=\"wpsimplegallery_container\"><\/div>\n","protected":false},"excerpt":{"rendered":"<p>Bezeichnung: Wunstorf &#8211; Bremerhaven-Seehafen Strecken-Nr.: 1740 Fahrplan: 215\u00a0&#8211; Kursbuch DR 1944 215 &#8211; Kursbuch DB 1956 L\u00e4nge: 175,2 km, zweigleisig Spurweite: 1435 mm (Normalspur), elektrifiziert Nutzungen: Deutsche Reichsbahn (1920 \u2013 1945) Deutsche Bundesbahn (1945 \u2013 1993) Deutsche Bahn AG (ab &hellip; <a href=\"http:\/\/dg3of.de\/?page_id=17148\">Weiterlesen <span class=\"meta-nav\">&rarr;<\/span><\/a><\/p>\n","protected":false},"author":1,"featured_media":0,"parent":4499,"menu_order":0,"comment_status":"closed","ping_status":"closed","template":"","meta":{"footnotes":""},"class_list":["post-17148","page","type-page","status-publish","hentry"],"_links":{"self":[{"href":"http:\/\/dg3of.de\/index.php?rest_route=\/wp\/v2\/pages\/17148","targetHints":{"allow":["GET"]}}],"collection":[{"href":"http:\/\/dg3of.de\/index.php?rest_route=\/wp\/v2\/pages"}],"about":[{"href":"http:\/\/dg3of.de\/index.php?rest_route=\/wp\/v2\/types\/page"}],"author":[{"embeddable":true,"href":"http:\/\/dg3of.de\/index.php?rest_route=\/wp\/v2\/users\/1"}],"replies":[{"embeddable":true,"href":"http:\/\/dg3of.de\/index.php?rest_route=%2Fwp%2Fv2%2Fcomments&post=17148"}],"version-history":[{"count":1,"href":"http:\/\/dg3of.de\/index.php?rest_route=\/wp\/v2\/pages\/17148\/revisions"}],"predecessor-version":[{"id":17149,"href":"http:\/\/dg3of.de\/index.php?rest_route=\/wp\/v2\/pages\/17148\/revisions\/17149"}],"up":[{"embeddable":true,"href":"http:\/\/dg3of.de\/index.php?rest_route=\/wp\/v2\/pages\/4499"}],"wp:attachment":[{"href":"http:\/\/dg3of.de\/index.php?rest_route=%2Fwp%2Fv2%2Fmedia&parent=17148"}],"curies":[{"name":"wp","href":"https:\/\/api.w.org\/{rel}","templated":true}]}}